{"id":12,"date":"2020-07-14T00:44:36","date_gmt":"2020-07-14T00:44:36","guid":{"rendered":"https:\/\/www.alfao.mx\/publicaciones\/inicio\/"},"modified":"2020-07-25T16:18:27","modified_gmt":"2020-07-25T16:18:27","slug":"inicio","status":"publish","type":"page","link":"https:\/\/www.alfao.mx\/publicaciones\/","title":{"rendered":"Inicio"},"content":{"rendered":"\n<div class=\"wp-block-group alignfull has-primary-background-color has-background\"><div class=\"wp-block-group__inner-container is-layout-flow wp-block-group-is-layout-flow\">\n<h1 class=\"has-text-align-center wp-block-heading\">SOMOS MAS QUE UN BUSINESS CENTER<\/h1>\n\n\n\n<figure class=\"wp-block-image alignwide size-large\"><a href=\"\/publicaciones\/el-presente-pasado-y-futuro-de-las-oficinas\"><img loading=\"lazy\" decoding=\"async\" width=\"1024\" height=\"696\" src=\"https:\/\/www.alfao.mx\/publicaciones\/wp-content\/uploads\/2020\/07\/image-1-1-1024x696.jpg\" alt=\"\" class=\"wp-image-95\" srcset=\"https:\/\/www.alfao.mx\/publicaciones\/wp-content\/uploads\/2020\/07\/image-1-1-1024x696.jpg 1024w, https:\/\/www.alfao.mx\/publicaciones\/wp-content\/uploads\/2020\/07\/image-1-1-300x204.jpg 300w, https:\/\/www.alfao.mx\/publicaciones\/wp-content\/uploads\/2020\/07\/image-1-1-768x522.jpg 768w, https:\/\/www.alfao.mx\/publicaciones\/wp-content\/uploads\/2020\/07\/image-1-1-1536x1044.jpg 1536w, https:\/\/www.alfao.mx\/publicaciones\/wp-content\/uploads\/2020\/07\/image-1-1.jpg 1800w\" sizes=\"auto, (max-width: 1024px) 100vw, 1024px\" \/><\/a><figcaption>Renta Oficina Amuebla o Renta Oficina Virtual ALFAO Business Center<\/figcaption><\/figure>\n<\/div><\/div>\n\n\n\n<div class=\"wp-block-coblocks-media-card alignwide is-style-right is-stacked-on-mobile coblocks-media-card-82315629723\"><div class=\"wp-block-coblocks-media-card__inner has-no-padding\"><div class=\"wp-block-coblocks-media-card__wrapper\" style=\"grid-template-columns:auto 51%\"><figure class=\"wp-block-coblocks-media-card__media\"><img loading=\"lazy\" decoding=\"async\" width=\"1024\" height=\"683\" src=\"https:\/\/www.alfao.mx\/publicaciones\/wp-content\/uploads\/2020\/07\/O6YV1W0-1024x683-1.jpg\" alt=\"\" class=\"wp-image-96\" srcset=\"https:\/\/www.alfao.mx\/publicaciones\/wp-content\/uploads\/2020\/07\/O6YV1W0-1024x683-1.jpg 1024w, https:\/\/www.alfao.mx\/publicaciones\/wp-content\/uploads\/2020\/07\/O6YV1W0-1024x683-1-300x200.jpg 300w, https:\/\/www.alfao.mx\/publicaciones\/wp-content\/uploads\/2020\/07\/O6YV1W0-1024x683-1-768x512.jpg 768w\" sizes=\"auto, (max-width: 1024px) 100vw, 1024px\" \/><\/figure><div class=\"wp-block-coblocks-media-card__content\">\n<div class=\"wp-block-coblocks-row coblocks-row-82315629908\" data-columns=\"1\" data-layout=\"100\"><div class=\"wp-block-coblocks-row__inner has-medium-gutter has-padding has-large-padding has-no-margin is-stacked-on-mobile\">\n<div class=\"wp-block-coblocks-column coblocks-column-82315629936\" style=\"width:100%\"><div class=\"wp-block-coblocks-column__inner has-no-padding has-no-margin\">\n<h4 class=\"has-custom-lineheight wp-block-heading\" style=\"line-height:1.7;font-size:16px\">SECRETARIA VIRTUAL :: <\/h4>\n\n\n\n<h4 class=\"has-custom-lineheight wp-block-heading\" style=\"line-height:1.7;font-size:16px\">OFICINAS VIRTUALES :: <\/h4>\n\n\n\n<h4 class=\"has-custom-lineheight wp-block-heading\" style=\"line-height:1.7;font-size:16px\">OFICINAS AMUEBLADAS :: <\/h4>\n\n\n\n<h4 class=\"has-custom-lineheight wp-block-heading\" style=\"line-height:1.7;font-size:16px\">ESCRITORIO VIRTUAL :: <\/h4>\n\n\n\n<h4 class=\"has-custom-lineheight wp-block-heading\" style=\"line-height:1.7;font-size:16px\">RENTA DE SALAS DE JUNTAS ::<\/h4>\n\n\n\n<div class=\"wp-block-button\"><a class=\"wp-block-button__link\" href=\"https:\/\/www.alfao.mx\/publicaciones\/galeria\/\">Conocenos <\/a><\/div>\n<\/div><\/div>\n<\/div><\/div>\n<\/div><\/div><\/div><\/div>\n\n\n\n<div class=\"wp-block-coblocks-media-card alignwide is-style-left is-stacked-on-mobile coblocks-media-card-82315629723\"><div class=\"wp-block-coblocks-media-card__inner has-no-padding\"><div class=\"wp-block-coblocks-media-card__wrapper\"><figure class=\"wp-block-coblocks-media-card__media\"><img loading=\"lazy\" decoding=\"async\" width=\"1024\" height=\"683\" src=\"https:\/\/www.alfao.mx\/publicaciones\/wp-content\/uploads\/2020\/07\/20981-1-1024x683.jpg\" alt=\"\" class=\"wp-image-97\" srcset=\"https:\/\/www.alfao.mx\/publicaciones\/wp-content\/uploads\/2020\/07\/20981-1-1024x683.jpg 1024w, https:\/\/www.alfao.mx\/publicaciones\/wp-content\/uploads\/2020\/07\/20981-1-300x200.jpg 300w, https:\/\/www.alfao.mx\/publicaciones\/wp-content\/uploads\/2020\/07\/20981-1-768x512.jpg 768w, https:\/\/www.alfao.mx\/publicaciones\/wp-content\/uploads\/2020\/07\/20981-1-1536x1024.jpg 1536w, https:\/\/www.alfao.mx\/publicaciones\/wp-content\/uploads\/2020\/07\/20981-1-2048x1365.jpg 2048w\" sizes=\"auto, (max-width: 1024px) 100vw, 1024px\" \/><\/figure><div class=\"wp-block-coblocks-media-card__content\">\n<div class=\"wp-block-coblocks-row coblocks-row-82315629908\" data-columns=\"1\" data-layout=\"100\"><div class=\"wp-block-coblocks-row__inner has-medium-gutter has-padding has-large-padding has-no-margin is-stacked-on-mobile\">\n<div class=\"wp-block-coblocks-column coblocks-column-82315629936\" style=\"width:100%\"><div class=\"wp-block-coblocks-column__inner has-no-padding has-no-margin\">\n<h2 class=\"wp-block-heading\">Entendemos a los emprendedores, tenemos un plan para cada uno.<\/h2>\n\n\n\n<div class=\"wp-block-button\"><a class=\"wp-block-button__link\" href=\"https:\/\/www.alfao.mx\/publicaciones\/contacto\/\">Consultas<\/a><\/div>\n<\/div><\/div>\n<\/div><\/div>\n<\/div><\/div><\/div><\/div>\n\n\n\n<blockquote class=\"wp-block-quote has-text-align-center is-style-large is-layout-flow wp-block-quote-is-layout-flow\"><p>\u201cUn hombre puede ser tan grande como el quiera. Si crees en ti mismo, tienes el coraje, la determinaci\u00f3n, la dedicaci\u00f3n, el hambre competitiva, est\u00e1s dispuesto a sacrificar las peque\u00f1as cosas de la vida y pagar el precio por las cosas que realmente valen la pena, se puede lograr\u201d. <\/p><cite>Vince Lombardi<\/cite><\/blockquote>\n\n\n\n<div class=\"wp-block-buttons aligncenter is-layout-flex wp-block-buttons-is-layout-flex\">\n<div class=\"wp-block-button is-style-3d\"><a class=\"wp-block-button__link\" href=\"https:\/\/www.alfao.mx\/contactoBusinessCenter.html\" target=\"_blank\" rel=\"noreferrer noopener\">CONTACTO<\/a><\/div>\n<\/div>\n\n\n\n<p><\/p>\n","protected":false},"excerpt":{"rendered":"<p>SOMOS MAS QUE UN BUSINESS CENTER \u201cUn hombre puede ser tan grande como el quiera. Si crees en ti mismo, tienes el coraje, la determinaci\u00f3n, la dedicaci\u00f3n, el hambre competitiva, est\u00e1s dispuesto a sacrificar las peque\u00f1as cosas de la vida y pagar el precio por las cosas que realmente valen la pena, se puede lograr\u201d. &#8230; <a title=\"Inicio\" class=\"read-more\" href=\"https:\/\/www.alfao.mx\/publicaciones\/\">Leer m\u00e1s<\/a><\/p>\n","protected":false},"author":1,"featured_media":0,"parent":0,"menu_order":0,"comment_status":"closed","ping_status":"closed","template":"","meta":{"_coblocks_attr":"","_coblocks_dimensions":"","_coblocks_responsive_height":"","_coblocks_accordion_ie_support":"","footnotes":""},"class_list":["post-12","page","type-page","status-publish"],"_links":{"self":[{"href":"https:\/\/www.alfao.mx\/publicaciones\/wp-json\/wp\/v2\/pages\/12","targetHints":{"allow":["GET"]}}],"collection":[{"href":"https:\/\/www.alfao.mx\/publicaciones\/wp-json\/wp\/v2\/pages"}],"about":[{"href":"https:\/\/www.alfao.mx\/publicaciones\/wp-json\/wp\/v2\/types\/page"}],"author":[{"embeddable":true,"href":"https:\/\/www.alfao.mx\/publicaciones\/wp-json\/wp\/v2\/users\/1"}],"replies":[{"embeddable":true,"href":"https:\/\/www.alfao.mx\/publicaciones\/wp-json\/wp\/v2\/comments?post=12"}],"version-history":[{"count":8,"href":"https:\/\/www.alfao.mx\/publicaciones\/wp-json\/wp\/v2\/pages\/12\/revisions"}],"predecessor-version":[{"id":121,"href":"https:\/\/www.alfao.mx\/publicaciones\/wp-json\/wp\/v2\/pages\/12\/revisions\/121"}],"wp:attachment":[{"href":"https:\/\/www.alfao.mx\/publicaciones\/wp-json\/wp\/v2\/media?parent=12"}],"curies":[{"name":"wp","href":"https:\/\/api.w.org\/{rel}","templated":true}]}}